[INFO] fetching crate awmp 0.8.1...
[INFO] checking awmp-0.8.1 against master#e6e4f7ed1589e03bc2f6c5931c1a72e7947e8682 for beta-170-4
[INFO] extracting crate awmp 0.8.1 into /workspace/builds/worker-6-tc2/source
[INFO] validating manifest of crates.io crate awmp 0.8.1 on toolchain e6e4f7ed1589e03bc2f6c5931c1a72e7947e8682
[INFO] running `Command { std: CARGO_HOME="/workspace/cargo-home" RUSTUP_HOME="/workspace/rustup-home" "/workspace/cargo-home/bin/cargo" "+e6e4f7ed1589e03bc2f6c5931c1a72e7947e8682" "metadata" "--manifest-path" "Cargo.toml" "--no-deps", kill_on_drop: false }`
[INFO] started tweaking crates.io crate awmp 0.8.1
[INFO] finished tweaking crates.io crate awmp 0.8.1
[INFO] tweaked toml for crates.io crate awmp 0.8.1 written to /workspace/builds/worker-6-tc2/source/Cargo.toml
[INFO] crate crates.io crate awmp 0.8.1 already has a lockfile, it will not be regenerated
[INFO] running `Command { std: CARGO_HOME="/workspace/cargo-home" RUSTUP_HOME="/workspace/rustup-home" "/workspace/cargo-home/bin/cargo" "+e6e4f7ed1589e03bc2f6c5931c1a72e7947e8682" "fetch" "--manifest-path" "Cargo.toml", kill_on_drop: false }`
[INFO] running `Command { std: "docker" "create" "-v" "/var/lib/crater-agent-workspace/builds/worker-6-tc2/target:/opt/rustwide/target:rw,Z" "-v" "/var/lib/crater-agent-workspace/builds/worker-6-tc2/source:/opt/rustwide/workdir:ro,Z" "-v" "/var/lib/crater-agent-workspace/cargo-home:/opt/rustwide/cargo-home:ro,Z" "-v" "/var/lib/crater-agent-workspace/rustup-home:/opt/rustwide/rustup-home:ro,Z" "-e" "SOURCE_DIR=/opt/rustwide/workdir" "-e" "CARGO_TARGET_DIR=/opt/rustwide/target" "-e" "CARGO_HOME=/opt/rustwide/cargo-home" "-e" "RUSTUP_HOME=/opt/rustwide/rustup-home" "-w" "/opt/rustwide/workdir" "-m" "1610612736" "--user" "0:0" "--network" "none" "ghcr.io/rust-lang/crates-build-env/linux@sha256:19e73879b68f455e41552ea35293514db52ea292d993f571636dbffedb77a1ee" "/opt/rustwide/cargo-home/bin/cargo" "+e6e4f7ed1589e03bc2f6c5931c1a72e7947e8682" "metadata" "--no-deps" "--format-version=1", kill_on_drop: false }`
[INFO] [stdout] de726588f006b88246c0096732e6d724b86c12343d4628c92a686ad90759e7c7
[INFO] running `Command { std: "docker" "start" "-a" "de726588f006b88246c0096732e6d724b86c12343d4628c92a686ad90759e7c7", kill_on_drop: false }`
[INFO] running `Command { std: "docker" "inspect" "de726588f006b88246c0096732e6d724b86c12343d4628c92a686ad90759e7c7", kill_on_drop: false }`
[INFO] running `Command { std: "docker" "rm" "-f" "de726588f006b88246c0096732e6d724b86c12343d4628c92a686ad90759e7c7", kill_on_drop: false }`
[INFO] [stdout] de726588f006b88246c0096732e6d724b86c12343d4628c92a686ad90759e7c7
[INFO] running `Command { std: "docker" "create" "-v" "/var/lib/crater-agent-workspace/builds/worker-6-tc2/target:/opt/rustwide/target:rw,Z" "-v" "/var/lib/crater-agent-workspace/builds/worker-6-tc2/source:/opt/rustwide/workdir:ro,Z" "-v" "/var/lib/crater-agent-workspace/cargo-home:/opt/rustwide/cargo-home:ro,Z" "-v" "/var/lib/crater-agent-workspace/rustup-home:/opt/rustwide/rustup-home:ro,Z" "-e" "SOURCE_DIR=/opt/rustwide/workdir" "-e" "CARGO_TARGET_DIR=/opt/rustwide/target" "-e" "CARGO_INCREMENTAL=0" "-e" "RUST_BACKTRACE=full" "-e" "RUSTFLAGS=--cap-lints=forbid" "-e" "RUSTDOCFLAGS=--cap-lints=forbid" "-e" "CARGO_HOME=/opt/rustwide/cargo-home" "-e" "RUSTUP_HOME=/opt/rustwide/rustup-home" "-w" "/opt/rustwide/workdir" "-m" "1610612736" "--user" "0:0" "--network" "none" "ghcr.io/rust-lang/crates-build-env/linux@sha256:19e73879b68f455e41552ea35293514db52ea292d993f571636dbffedb77a1ee" "/opt/rustwide/cargo-home/bin/cargo" "+e6e4f7ed1589e03bc2f6c5931c1a72e7947e8682" "check" "--frozen" "--all" "--all-targets" "--message-format=json", kill_on_drop: false }`
[INFO] [stdout] 7be27310f62ecd0128315f10b9efddd18f8b12d33c8e6016dc636d8dde0c1c84
[INFO] running `Command { std: "docker" "start" "-a" "7be27310f62ecd0128315f10b9efddd18f8b12d33c8e6016dc636d8dde0c1c84", kill_on_drop: false }`
[INFO] [stderr]    Compiling libc v0.2.119
[INFO] [stderr]    Compiling memchr v2.4.1
[INFO] [stderr]    Compiling version_check v0.9.2
[INFO] [stderr]    Compiling proc-macro2 v1.0.36
[INFO] [stderr]    Compiling futures-core v0.3.21
[INFO] [stderr]     Checking pin-project-lite v0.2.8
[INFO] [stderr]    Compiling syn v1.0.86
[INFO] [stderr]     Checking bytes v1.1.0
[INFO] [stderr]     Checking futures-sink v0.3.21
[INFO] [stderr]    Compiling parking_lot_core v0.9.1
[INFO] [stderr]     Checking smallvec v1.8.0
[INFO] [stderr]     Checking scopeguard v1.1.0
[INFO] [stderr]     Checking once_cell v1.9.0
[INFO] [stderr]     Checking arc-swap v0.4.7
[INFO] [stderr]    Compiling futures-channel v0.3.21
[INFO] [stderr]    Compiling serde v1.0.115
[INFO] [stderr]    Compiling futures-util v0.3.21
[INFO] [stderr]     Checking lock_api v0.4.6
[INFO] [stderr]    Compiling typenum v1.15.0
[INFO] [stderr]     Checking ppv-lite86 v0.2.9
[INFO] [stderr]     Checking itoa v1.0.1
[INFO] [stderr]     Checking slab v0.4.2
[INFO] [stderr]     Checking futures-io v0.3.21
[INFO] [stderr]     Checking percent-encoding v2.1.0
[INFO] [stderr]     Checking matches v0.1.8
[INFO] [stderr]    Compiling getrandom v0.1.14
[INFO] [stderr]    Compiling generic-array v0.14.4
[INFO] [stderr]    Compiling unicase v2.6.0
[INFO] [stderr]    Compiling indexmap v1.6.0
[INFO] [stderr]     Checking alloc-no-stdlib v2.0.3
[INFO] [stderr]     Checking fnv v1.0.7
[INFO] [stderr]    Compiling ryu v1.0.5
[INFO] [stderr]    Compiling crc32fast v1.2.0
[INFO] [stderr]    Compiling zstd-safe v4.1.4+zstd.1.5.2
[INFO] [stderr]     Checking local-waker v0.1.2
[INFO] [stderr]     Checking alloc-stdlib v0.2.1
[INFO] [stderr]     Checking http v0.2.6
[INFO] [stderr]    Compiling ahash v0.7.6
[INFO] [stderr]     Checking tracing-core v0.1.22
[INFO] [stderr]    Compiling paste v1.0.6
[INFO] [stderr]     Checking adler v0.2.3
[INFO] [stderr]    Compiling encoding_rs v0.8.24
[INFO] [stderr]     Checking regex-syntax v0.6.25
[INFO] [stderr]    Compiling httparse v1.6.0
[INFO] [stderr]     Checking hashbrown v0.9.0
[INFO] [stderr]     Checking aho-corasick v0.7.18
[INFO] [stderr]     Checking tinyvec v0.3.4
[INFO] [stderr]    Compiling bytes v0.5.6
[INFO] [stderr]    Compiling quote v1.0.7
[INFO] [stderr]     Checking mio v0.8.0
[INFO] [stderr]     Checking signal-hook-registry v1.2.1
[INFO] [stderr]     Checking socket2 v0.4.4
[INFO] [stderr]    Compiling jobserver v0.1.24
[INFO] [stderr]     Checking parking_lot v0.12.0
[INFO] [stderr]     Checking getrandom v0.2.5
[INFO] [stderr]     Checking rand_core v0.6.3
[INFO] [stderr]     Checking rand_core v0.5.1
[INFO] [stderr]    Compiling bytestring v0.1.5
[INFO] [stderr]    Compiling cc v1.0.59
[INFO] [stderr]     Checking actix-service v2.0.2
[INFO] [stderr]     Checking tokio v1.17.0
[INFO] [stderr]     Checking rand_chacha v0.3.1
[INFO] [stderr]     Checking unicode-normalization v0.1.13
[INFO] [stderr]     Checking tracing v0.1.31
[INFO] [stderr]     Checking miniz_oxide v0.4.1
[INFO] [stderr]     Checking brotli-decompressor v2.3.2
[INFO] [stderr]     Checking actix-utils v3.0.0
[INFO] [stderr]     Checking block-buffer v0.10.2
[INFO] [stderr]     Checking crypto-common v0.1.3
[INFO] [stderr]     Checking unicode-bidi v0.3.4
[INFO] [stderr]     Checking digest v0.10.3
[INFO] [stderr]    Compiling cookie v0.16.0
[INFO] [stderr]    Compiling firestorm v0.5.0
[INFO] [stderr]     Checking num_threads v0.1.3
[INFO] [stderr]    Compiling time-macros v0.2.3
[INFO] [stderr]     Checking mime v0.3.16
[INFO] [stderr]     Checking cpufeatures v0.2.1
[INFO] [stderr]    Compiling serde_json v1.0.57
[INFO] [stderr]     Checking flate2 v1.0.17
[INFO] [stderr]     Checking sha-1 v0.10.0
[INFO] [stderr]     Checking rand v0.8.5
[INFO] [stderr]    Compiling zstd-sys v1.6.3+zstd.1.5.2
[INFO] [stderr]     Checking rand_chacha v0.2.2
[INFO] [stderr]     Checking idna v0.2.0
[INFO] [stderr]     Checking num_cpus v1.13.0
[INFO] [stderr]     Checking bytestring v1.0.0
[INFO] [stderr]    Compiling regex v1.5.4
[INFO] [stderr]     Checking form_urlencoded v1.0.1
[INFO] [stderr]     Checking itoa v0.4.6
[INFO] [stderr]     Checking base64 v0.13.0
[INFO] [stderr]     Checking language-tags v0.3.2
[INFO] [stderr]     Checking httpdate v1.0.2
[INFO] [stderr]     Checking brotli v3.3.3
[INFO] [stderr]     Checking url v2.1.1
[INFO] [stderr]    Compiling mime_guess v2.0.3
[INFO] [stderr]     Checking rand v0.7.3
[INFO] [stderr]     Checking unchecked-index v0.2.2
[INFO] [stderr]     Checking twoway v0.2.1
[INFO] [stderr]     Checking remove_dir_all v0.5.3
[INFO] [stderr]     Checking time v0.3.7
[INFO] [stderr]     Checking sanitize-filename v0.2.1
[INFO] [stderr]     Checking tempfile v3.1.0
[INFO] [stderr]     Checking actix-router v0.5.0
[INFO] [stderr]     Checking serde_urlencoded v0.7.1
[INFO] [stderr]     Checking uuid v0.8.1
[INFO] [stderr]     Checking tokio-util v0.6.9
[INFO] [stderr]     Checking tokio-util v0.7.0
[INFO] [stderr]     Checking actix-codec v0.5.0
[INFO] [stderr]    Compiling futures-macro v0.3.21
[INFO] [stderr]    Compiling actix-macros v0.2.3
[INFO] [stderr]    Compiling derive_more v0.99.9
[INFO] [stderr]    Compiling actix-web-codegen v4.0.0
[INFO] [stderr]     Checking actix-rt v2.6.0
[INFO] [stderr]     Checking h2 v0.3.11
[INFO] [stderr]     Checking local-channel v0.1.2
[INFO] [stderr]     Checking actix-server v2.0.0
[INFO] [stderr]     Checking futures-executor v0.3.5
[INFO] [stderr]     Checking futures v0.3.5
[INFO] [stderr]     Checking zstd v0.10.0+zstd.1.5.2
[INFO] [stderr]     Checking actix-http v3.0.0
[INFO] [stderr]     Checking actix-web v4.0.1
[INFO] [stderr]     Checking actix-multipart v0.4.0
[INFO] [stderr]     Checking awmp v0.8.1 (/opt/rustwide/workdir)
[INFO] [stdout] error[E0432]: unresolved import `actix_web_v3`
[INFO] [stdout]  --> examples/v3.rs:1:5
[INFO] [stdout]   |
[INFO] [stdout] 1 | use actix_web_v3::{web, App, Error, FromRequest, HttpResponse, HttpServer};
[INFO] [stdout]   |     ^^^^^^^^^^^^ use of undeclared crate or module `actix_web_v3`
[INFO] [stdout]   |
[INFO] [stdout] help: there is a crate or module with a similar name
[INFO] [stdout]   |
[INFO] [stdout] 1 | use actix_web_v4::{web, App, Error, FromRequest, HttpResponse, HttpServer};
[INFO] [stdout]   |     ~~~~~~~~~~~~
[INFO] [stdout] 
[INFO] [stdout] 
[INFO] [stdout] error[E0432]: unresolved import `actix_web_v1`
[INFO] [stdout]  --> examples/v1.rs:1:5
[INFO] [stdout]   |
[INFO] [stdout] 1 | use actix_web_v1::{web, App, Error, FromRequest, HttpResponse, HttpServer};
[INFO] [stdout]   |     ^^^^^^^^^^^^ use of undeclared crate or module `actix_web_v1`
[INFO] [stdout]   |
[INFO] [stdout] help: there is a crate or module with a similar name
[INFO] [stdout]   |
[INFO] [stdout] 1 | use actix_web_v4::{web, App, Error, FromRequest, HttpResponse, HttpServer};
[INFO] [stdout]   |     ~~~~~~~~~~~~
[INFO] [stdout] 
[INFO] [stdout] 
[INFO] [stdout] error[E0432]: unresolved import `actix_web_v2`
[INFO] [stdout]  --> examples/v2.rs:1:5
[INFO] [stdout]   |
[INFO] [stdout] 1 | use actix_web_v2::{web, App, Error, FromRequest, HttpResponse, HttpServer};
[INFO] [stdout]   |     ^^^^^^^^^^^^ use of undeclared crate or module `actix_web_v2`
[INFO] [stdout]   |
[INFO] [stdout] help: there is a crate or module with a similar name
[INFO] [stdout]   |
[INFO] [stdout] 1 | use actix_web_v4::{web, App, Error, FromRequest, HttpResponse, HttpServer};
[INFO] [stdout]   |     ~~~~~~~~~~~~
[INFO] [stdout] 
[INFO] [stdout] 
[INFO] [stdout] error[E0599]: no function or associated item named `configure` found for struct `Parts` in the current scope
[INFO] [stdout]   --> examples/v1.rs:27:32
[INFO] [stdout]    |
[INFO] [stdout] 27 |             .data(awmp::Parts::configure(|cfg| cfg.with_file_limit(10000)))
[INFO] [stdout]    |                                ^^^^^^^^^ function or associated item not found in `Parts`
[INFO] [stdout] 
[INFO] [stdout] 
[INFO] [stdout] error[E0599]: no function or associated item named `configure` found for struct `Parts` in the current scope
[INFO] [stdout]   --> examples/v3.rs:28:32
[INFO] [stdout]    |
[INFO] [stdout] 28 |             .data(awmp::Parts::configure(|cfg| cfg.with_file_limit(100000)))
[INFO] [stdout]    |                                ^^^^^^^^^ function or associated item not found in `Parts`
[INFO] [stdout] 
[INFO] [stdout] 
[INFO] [stdout] error: aborting due to 2 previous errors
[INFO] [stdout] 
[INFO] [stdout] 
[INFO] [stdout] Some errors have detailed explanations: E0432, E0599.
[INFO] [stdout] 
[INFO] [stdout] For more information about an error, try `rustc --explain E0432`.
[INFO] [stdout] 
[INFO] [stdout] error: aborting due to 2 previous errors
[INFO] [stdout] 
[INFO] [stdout] 
[INFO] [stdout] Some errors have detailed explanations: E0432, E0599.
[INFO] [stdout] 
[INFO] [stdout] For more information about an error, try `rustc --explain E0432`.
[INFO] [stdout] 
[INFO] [stderr] error: could not compile `awmp` (example "v1") due to 3 previous errors
[INFO] [stderr] warning: build failed, waiting for other jobs to finish...
[INFO] [stderr] error: could not compile `awmp` (example "v3") due to 3 previous errors
[INFO] [stdout] error[E0599]: no function or associated item named `configure` found for struct `Parts` in the current scope
[INFO] [stdout]   --> examples/v2.rs:28:32
[INFO] [stdout]    |
[INFO] [stdout] 28 |             .data(awmp::Parts::configure(|cfg| cfg.with_file_limit(100000)))
[INFO] [stdout]    |                                ^^^^^^^^^ function or associated item not found in `Parts`
[INFO] [stdout] 
[INFO] [stdout] 
[INFO] [stdout] error: aborting due to 2 previous errors
[INFO] [stdout] 
[INFO] [stdout] 
[INFO] [stdout] Some errors have detailed explanations: E0432, E0599.
[INFO] [stdout] 
[INFO] [stdout] For more information about an error, try `rustc --explain E0432`.
[INFO] [stdout] 
[INFO] [stderr] error: could not compile `awmp` (example "v2") due to 3 previous errors
[INFO] running `Command { std: "docker" "inspect" "7be27310f62ecd0128315f10b9efddd18f8b12d33c8e6016dc636d8dde0c1c84", kill_on_drop: false }`
[INFO] running `Command { std: "docker" "rm" "-f" "7be27310f62ecd0128315f10b9efddd18f8b12d33c8e6016dc636d8dde0c1c84", kill_on_drop: false }`
[INFO] [stdout] 7be27310f62ecd0128315f10b9efddd18f8b12d33c8e6016dc636d8dde0c1c84
